[INFO] cloning repository https://github.com/andreyrmg/hm
[INFO] running `Command { std: "git" "-c" "credential.helper=" "-c" "credential.helper=/workspace/cargo-home/bin/git-credential-null" "clone" "--bare" "https://github.com/andreyrmg/hm" "/workspace/cache/git-repos/https%3A%2F%2Fgithub.com%2Fandreyrmg%2Fhm", kill_on_drop: false }`
[INFO] [stderr] Cloning into bare repository '/workspace/cache/git-repos/https%3A%2F%2Fgithub.com%2Fandreyrmg%2Fhm'...
[INFO] running `Command { std: "git" "rev-parse" "HEAD", kill_on_drop: false }`
[INFO] [stdout] 0e6f1339cadf6ce96dc7f11c1e5bc46f701df559
[INFO] checking andreyrmg/hm against master#af3c6e733a40e671550e0f0f5aeecaa13772ba56 for pr-74989
[INFO] running `Command { std: "git" "clone" "/workspace/cache/git-repos/https%3A%2F%2Fgithub.com%2Fandreyrmg%2Fhm" "/workspace/builds/worker-0/source", kill_on_drop: false }`
[INFO] [stderr] Cloning into '/workspace/builds/worker-0/source'...
[INFO] [stderr] done.
[INFO] validating manifest of git repo https://github.com/andreyrmg/hm on toolchain af3c6e733a40e671550e0f0f5aeecaa13772ba56
[INFO] running `Command { std: "/workspace/cargo-home/bin/cargo" "+af3c6e733a40e671550e0f0f5aeecaa13772ba56" "read-manifest" "--manifest-path" "Cargo.toml", kill_on_drop: false }`
[INFO] started tweaking git repo https://github.com/andreyrmg/hm
[INFO] finished tweaking git repo https://github.com/andreyrmg/hm
[INFO] tweaked toml for git repo https://github.com/andreyrmg/hm written to /workspace/builds/worker-0/source/Cargo.toml
[INFO] crate git repo https://github.com/andreyrmg/hm already has a lockfile, it will not be regenerated
[INFO] running `Command { std: "/workspace/cargo-home/bin/cargo" "+af3c6e733a40e671550e0f0f5aeecaa13772ba56" "fetch" "--locked" "--manifest-path" "Cargo.toml", kill_on_drop: false }`
[INFO] running `Command { std: "docker" "create" "-v" "/var/lib/crater-agent-workspace/builds/worker-0/target:/opt/rustwide/target:rw,Z" "-v" "/var/lib/crater-agent-workspace/builds/worker-0/source:/opt/rustwide/workdir:ro,Z" "-v" "/var/lib/crater-agent-workspace/cargo-home:/opt/rustwide/cargo-home:ro,Z" "-v" "/var/lib/crater-agent-workspace/rustup-home:/opt/rustwide/rustup-home:ro,Z" "-e" "SOURCE_DIR=/opt/rustwide/workdir" "-e" "CARGO_TARGET_DIR=/opt/rustwide/target" "-e" "CARGO_HOME=/opt/rustwide/cargo-home" "-e" "RUSTUP_HOME=/opt/rustwide/rustup-home" "-w" "/opt/rustwide/workdir" "-m" "1610612736" "--user" "0:0" "--network" "none" "rustops/crates-build-env@sha256:d92eaeed33fa75130ca1ee6c8a01d1ffb62bac859dfdfb3450e3e5d1c0146529" "/opt/rustwide/cargo-home/bin/cargo" "+af3c6e733a40e671550e0f0f5aeecaa13772ba56" "metadata" "--no-deps" "--format-version=1", kill_on_drop: false }`
[INFO] [stdout] 325df1a83288307e55ab7d0bd2d5126eeaa4499a8e83126104aa67daecf7bc10
[INFO] [stderr] WARNING: Your kernel does not support swap limit capabilities or the cgroup is not mounted. Memory limited without swap.
[INFO] running `Command { std: "docker" "start" "-a" "325df1a83288307e55ab7d0bd2d5126eeaa4499a8e83126104aa67daecf7bc10", kill_on_drop: false }`
[INFO] running `Command { std: "docker" "inspect" "325df1a83288307e55ab7d0bd2d5126eeaa4499a8e83126104aa67daecf7bc10", kill_on_drop: false }`
[INFO] running `Command { std: "docker" "rm" "-f" "325df1a83288307e55ab7d0bd2d5126eeaa4499a8e83126104aa67daecf7bc10", kill_on_drop: false }`
[INFO] [stdout] 325df1a83288307e55ab7d0bd2d5126eeaa4499a8e83126104aa67daecf7bc10
[INFO] running `Command { std: "docker" "create" "-v" "/var/lib/crater-agent-workspace/builds/worker-0/target:/opt/rustwide/target:rw,Z" "-v" "/var/lib/crater-agent-workspace/builds/worker-0/source:/opt/rustwide/workdir:ro,Z" "-v" "/var/lib/crater-agent-workspace/cargo-home:/opt/rustwide/cargo-home:ro,Z" "-v" "/var/lib/crater-agent-workspace/rustup-home:/opt/rustwide/rustup-home:ro,Z" "-e" "SOURCE_DIR=/opt/rustwide/workdir" "-e" "CARGO_TARGET_DIR=/opt/rustwide/target" "-e" "CARGO_INCREMENTAL=0" "-e" "RUST_BACKTRACE=full" "-e" "RUSTFLAGS=--cap-lints=forbid" "-e" "CARGO_HOME=/opt/rustwide/cargo-home" "-e" "RUSTUP_HOME=/opt/rustwide/rustup-home" "-w" "/opt/rustwide/workdir" "-m" "1610612736" "--user" "0:0" "--network" "none" "rustops/crates-build-env@sha256:d92eaeed33fa75130ca1ee6c8a01d1ffb62bac859dfdfb3450e3e5d1c0146529" "/opt/rustwide/cargo-home/bin/cargo" "+af3c6e733a40e671550e0f0f5aeecaa13772ba56" "check" "--frozen" "--all" "--all-targets" "--message-format=json", kill_on_drop: false }`
[INFO] [stdout] 452d894969b01727b7fd23f47a40f0cf7f5b8c9bc6bbaf0d01525aac5ac3201e
[INFO] [stderr] WARNING: Your kernel does not support swap limit capabilities or the cgroup is not mounted. Memory limited without swap.
[INFO] running `Command { std: "docker" "start" "-a" "452d894969b01727b7fd23f47a40f0cf7f5b8c9bc6bbaf0d01525aac5ac3201e", kill_on_drop: false }`
[INFO] [stderr]     Checking hm v0.1.0 (/opt/rustwide/workdir)
[INFO] [stdout] error[E0106]: missing lifetime specifier
[INFO] [stdout]  --> src/main.rs:9:57
[INFO] [stdout]   |
[INFO] [stdout] 9 |         pub fn objc_getClass(name: *const u8) -> Option<&Id>;
[INFO] [stdout]   |                                                         ^ expected named lifetime parameter
[INFO] [stdout]   |
[INFO] [stdout]   = help: this function's return type contains a borrowed value with an elided lifetime, but the lifetime cannot be derived from the arguments
[INFO] [stdout] help: consider using the `'static` lifetime
[INFO] [stdout]   |
[INFO] [stdout] 9 |         pub fn objc_getClass(name: *const u8) -> Option<&'static Id>;
[INFO] [stdout]   |                                                         ^^^^^^^^
[INFO] [stdout] 
[INFO] [stdout] 
[INFO] [stdout] error[E0106]: missing lifetime specifier
[INFO] [stdout]   --> src/main.rs:10:75
[INFO] [stdout]    |
[INFO] [stdout] 10 |         pub fn objc_msgSend(id: *const Id, op: *const Sel, ...) -> Option<&Id>;
[INFO] [stdout]    |                                                                           ^ expected named lifetime parameter
[INFO] [stdout]    |
[INFO] [stdout]    = help: this function's return type contains a borrowed value with an elided lifetime, but the lifetime cannot be derived from the arguments
[INFO] [stdout] help: consider using the `'static` lifetime
[INFO] [stdout]    |
[INFO] [stdout] 10 |         pub fn objc_msgSend(id: *const Id, op: *const Sel, ...) -> Option<&'static Id>;
[INFO] [stdout]    |                                                                           ^^^^^^^^
[INFO] [stdout] 
[INFO] [stdout] 
[INFO] [stdout] error[E0106]: missing lifetime specifier
[INFO] [stdout]   --> src/main.rs:11:60
[INFO] [stdout]    |
[INFO] [stdout] 11 |         pub fn sel_registerName(name: *const u8) -> Option<&Sel>;
[INFO] [stdout]    |                                                            ^ expected named lifetime parameter
[INFO] [stdout]    |
[INFO] [stdout]    = help: this function's return type contains a borrowed value with an elided lifetime, but the lifetime cannot be derived from the arguments
[INFO] [stdout] help: consider using the `'static` lifetime
[INFO] [stdout]    |
[INFO] [stdout] 11 |         pub fn sel_registerName(name: *const u8) -> Option<&'static Sel>;
[INFO] [stdout]    |                                                            ^^^^^^^^
[INFO] [stdout] 
[INFO] [stdout] 
[INFO] [stdout] error[E0106]: missing lifetime specifier
[INFO] [stdout]  --> src/main.rs:9:57
[INFO] [stdout]   |
[INFO] [stdout] 9 |         pub fn objc_getClass(name: *const u8) -> Option<&Id>;
[INFO] [stdout]   |                                                         ^ expected named lifetime parameter
[INFO] [stdout]   |
[INFO] [stdout]   = help: this function's return type contains a borrowed value with an elided lifetime, but the lifetime cannot be derived from the arguments
[INFO] [stdout] help: consider using the `'static` lifetime
[INFO] [stdout]   |
[INFO] [stdout] 9 |         pub fn objc_getClass(name: *const u8) -> Option<&'static Id>;
[INFO] [stdout]   |                                                         ^^^^^^^^
[INFO] [stdout] 
[INFO] [stdout] 
[INFO] [stdout] error[E0106]: missing lifetime specifier
[INFO] [stdout]   --> src/main.rs:10:75
[INFO] [stdout]    |
[INFO] [stdout] 10 |         pub fn objc_msgSend(id: *const Id, op: *const Sel, ...) -> Option<&Id>;
[INFO] [stdout]    |                                                                           ^ expected named lifetime parameter
[INFO] [stdout]    |
[INFO] [stdout]    = help: this function's return type contains a borrowed value with an elided lifetime, but the lifetime cannot be derived from the arguments
[INFO] [stdout] help: consider using the `'static` lifetime
[INFO] [stdout]    |
[INFO] [stdout] 10 |         pub fn objc_msgSend(id: *const Id, op: *const Sel, ...) -> Option<&'static Id>;
[INFO] [stdout]    |                                                                           ^^^^^^^^
[INFO] [stdout] 
[INFO] [stdout] 
[INFO] [stdout] error[E0106]: missing lifetime specifier
[INFO] [stdout]   --> src/main.rs:11:60
[INFO] [stdout]    |
[INFO] [stdout] 11 |         pub fn sel_registerName(name: *const u8) -> Option<&Sel>;
[INFO] [stdout]    |                                                            ^ expected named lifetime parameter
[INFO] [stdout]    |
[INFO] [stdout]    = help: this function's return type contains a borrowed value with an elided lifetime, but the lifetime cannot be derived from the arguments
[INFO] [stdout] help: consider using the `'static` lifetime
[INFO] [stdout]    |
[INFO] [stdout] 11 |         pub fn sel_registerName(name: *const u8) -> Option<&'static Sel>;
[INFO] [stdout]    |                                                            ^^^^^^^^
[INFO] [stdout] 
[INFO] [stdout] 
[INFO] [stdout] error: aborting due to 3 previous errors
[INFO] [stdout] 
[INFO] [stdout] 
[INFO] [stdout] For more information about this error, try `rustc --explain E0106`.
[INFO] [stdout] 
[INFO] [stderr] error: could not compile `hm`.
[INFO] [stderr] 
[INFO] [stderr] To learn more, run the command again with --verbose.
[INFO] [stderr] warning: build failed, waiting for other jobs to finish...
[INFO] [stdout] error: aborting due to 3 previous errors
[INFO] [stdout] 
[INFO] [stdout] 
[INFO] [stdout] For more information about this error, try `rustc --explain E0106`.
[INFO] [stdout] 
[INFO] [stderr] error: build failed
[INFO] running `Command { std: "docker" "inspect" "452d894969b01727b7fd23f47a40f0cf7f5b8c9bc6bbaf0d01525aac5ac3201e", kill_on_drop: false }`
[INFO] running `Command { std: "docker" "rm" "-f" "452d894969b01727b7fd23f47a40f0cf7f5b8c9bc6bbaf0d01525aac5ac3201e", kill_on_drop: false }`
[INFO] [stdout] 452d894969b01727b7fd23f47a40f0cf7f5b8c9bc6bbaf0d01525aac5ac3201e
